on factor of v and a?
5
Suppose -7*z = -2*z + 10. Let u(i) = 3*i**2 + 2*i - 2. Let v be u(z). What is the greatest common factor of 15 and v?
3
Suppose -a = 2*a - 12. Suppose 0 = n - a*n + 120. Suppose 0*f - 3*f = -15, -5*f = 2*g - 41. What is the greatest common factor of n and g?
8
Let w = 62 + 38. Suppose 3*b + 2*b - w = 0. Suppose -c - 7 = -5*x, -5*c + 34 + 3 = -x. Calculate the highest common factor of b and c.
4
Let t be (1/1 - 0) + 4. What is the greatest common divisor of t and 15?
5
Suppose -c = o - 7, -2*c + o - 5*o + 8 = 0. Suppose 3*g = g + c. Let k be ((-1)/(-1))/(g/225). Calculate the greatest common divisor of 9 and k.
9
Suppose 5*v = 2*m + 16, -5*v = 2*m + 3*m + 5. Suppose v*x - 84 = -4*l, -5*x = 3*l - 240 + 37. Calculate the highest common factor of 16 and x.
8
Let j = -2 - -24. What is the highest common factor of j and 154?
22
Suppose -55*x - 15 = -56*x. Let o be (-6 - (-1 - -1))/(-2). Calculate the greatest common divisor of x and o.
3
Let p be 99/5 - 5/(-25). What is the greatest common factor of p and 20?
20
Let b be -7 + 23 + 2*-2. Let a be ((-716)/3)/2*-3. Let p be (-1)/(-3) - a/(-6). What is the highest common divisor of b and p?
12
Let x be 5 - 0 - (1 + -2). Let f be ((-2)/x)/((-1)/27). Let u = -57 + 84. What is the highest common factor of f and u?
9
Suppose -j + 60 = 3. What is the highest common factor of 38 and j?
19
Suppose 5*y = -h + 123, 3*y - 87 = h - 6*h. Suppose 2*z - 36 = -2*b, 40 - 121 = -4*b - z. Let i = -15 + b. What is the highest common divisor of y and i?
6
Suppose 15*u - 14*u - 32 = 0. What is the greatest common factor of 80 and u?
16
Suppose 0 = 4*n + 25 - 61. Calculate the greatest common factor of 1 and n.
1
Suppose 4*t + 913 - 125 = 4*m, 0 = -2*m - 2*t + 406. Calculate the greatest common factor of 25 and m.
25
Let h = -47 - -73. Let u(y) = 3*y**2 - 7*y - 1. Suppose 2*s + 2 = -g - 1, 3*s - 13 = -5*g. Let p be u(g). What is the highest common divisor of h and p?
13
Suppose -3*d + 4 = -5. What is the greatest common divisor of d and 15?
3
Suppose 4*y - 3*c + 12 = 0, 0 = -y - 2*c - 3*c + 20. Suppose y = z - 6*z + 40. What is the highest common divisor of z and 24?
8
Let s be (-2)/5 - 1214/(-10). Suppose 0*k - s = -k. Let f(p) = p + 5. Let t be f(6). Calculate the highest common factor of t and k.
11
Let t be 9*((-112)/3)/(-7). Calculate the greatest common divisor of t and 12.
12
Let n be 62 - 2/(1 + 1). Let y = n - 43. Calculate the highest common divisor of 18 and y.
18
Suppose 6*y + 4*q = 3*y - 31, -3*y - q = 28. Let j = 13 + y. Calculate the highest common factor of j and 12.
4
Suppose -5*q = g - 56 + 4, 3*q = -5*g + 150. Let w = g - 13. What is the highest common factor of 35 and w?
7
Suppose 8 = 5*p - 22. Calculate the greatest common factor of p and 6.
6
Suppose -4*s = -42 - 30. What is the highest common divisor of 90 and s?
18
Suppose 0 = -y + 4. Suppose -4*d = d - 20. Suppose -2*w + d*l = 2*l - 20, -2*l = -y*w + 30. What is the highest common divisor of w and 40?
5
Let h(q) = q**3 - 7*q**2 + 5*q + 8. Let p be h(6). Calculate the greatest common factor of 4 and p.
2
Suppose -81 = -3*o - 0*o. What is the highest common divisor of o and 243?
27
Suppose 0 = 10*r - 8*r. Let l be 21 + 1 + r + 2. What is the highest common factor of l and 3?
3
Suppose 0*z + z - 23 = 0. What is the highest common divisor of 23 and z?
23
Suppose f = 3*f. Let o be (1 - 1) + 0 + 104. Let i be o/(2 - (f - -1)). What is the highest common divisor of i and 13?
13
Suppose 0 = 11*p - 97 - 233. What is the greatest common divisor of 105 and p?
15
Let n(q) = -q**3 + 4*q + 2*q**2 - 3*q - 5 - 7*q**2. Let u be n(-6). Suppose -4*j + u = -7. Calculate the highest common divisor of 12 and j.
4
Suppose -n - 2*z = -3, 0 = -3*n + 3*z + z + 59. Let w = n - 8. Let a(h) = 15*h. Let f be a(2). What is the highest common divisor of w and f?
5
Let j be ((-153)/(-18))/((-3)/(-6)). Calculate the highest common factor of j and 1.
1
Let b(j) = -j**2 - 4*j**2 - 2 + j + j**3 + j**2. Let g be b(4). Calculate the highest common divisor of 10 and g.
2
Let h = 12 - -16. Suppose t = 3*t - h. Let q = 71 - 36. Calculate the highest common factor of t and q.
7
Let o = -98 + 113. Calculate the highest common divisor of 105 and o.
15
Let r(s) = -4*s**2 - s + 3. Let d be r(0). What is the greatest common divisor of 6 and d?
3
Let o(p) = -12*p**3 + 2*p**2 - 8*p + 5. Let n be o(-4). Suppose -u = -4*s + n, 3*s - 5*u = -u + 631. What is the greatest common factor of s and 19?
19
Let r be 9/7 - 2/7. Let i(n) = 5*n**3 - n. Let f be i(r). Let h be 191/6 - (-8)/48. What is the highest common factor of f and h?
4
Suppose -5*i = -4*i + 5. Let f(w) = 4*w**2 + 6*w + 2. Let p be f(i). Calculate the greatest common factor of 9 and p.
9
Let g be (-45)/6*(-2)/3. Let m = g + -3. Suppose 28 = 4*r + 5*t, 6*r - m*t - 21 = 3*r. What is the greatest common factor of 21 and r?
7
Suppose -4*h = x - 2*h + 3, -4*x - 4*h = -8. Let s be (1*-1)/(7/(-49)). Calculate the greatest common divisor of s and x.
7
Suppose -6*x + z + 35 = -3*x, z + 11 = x. Let t = 16 - 8. Calculate the greatest common divisor of x and t.
4
Let a be (0 - 1*-2) + 0. Let j be 147/(5 - a)*1. Calculate the highest common factor of 7 and j.
7
Suppose 19 = t - 4. Let l = -12 + t. Calculate the greatest common factor of l and 88.
11
Suppose 2*y + 3*x = y + 33, -4*x = 3*y - 84. What is the highest common divisor of 36 and y?
12
Let y be 8/(1/((-10)/(-1))). Suppose 4*b - y = 80. Suppose -b = -5*t + 3*t. What is the greatest common factor of 50 and t?
10
Let i = 8 + 4. Suppose 0 = -5*a + 574 - 34. What is the greatest common divisor of i and a?
12
Let a = -22 - -67. What is the greatest common divisor of 30 and a?
15
Let g(b) = 12*b**2 - 6*b. Let t be g(5). Suppose n = -2*v + 52, 5*n = -v - 4*v + t. Calculate the greatest common factor of n and 7.
7
Let c(x) = 3*x - 12. Let h be c(7). Suppose 0 = -5*o - k + h, k + 5 = -4*k. Calculate the highest common factor of o and 3.
1
Let i(t) = -8*t - 71. Let h be i(-13). Calculate the highest common factor of 22 and h.
11
Suppose 8*g - 272 = 352. Calculate the greatest common divisor of g and 6.
6
Suppose 48 + 24 = 3*x. Let r(f) = -11*f - 6. Suppose -3*t = -4*t - 6. Let q be r(t). Calculate the highest common factor of x and q.
12
Let n(t) = t**3 - 7*t**2 + 9*t - 4. Let w be n(6). What is the greatest common divisor of w and 28?
14
Let q(z) = 10*z**3 + z**2 - 2*z + 1. Let f be q(1). Calculate the highest common divisor of 110 and f.
10
Let u(f) = -f**2 + 21*f - 53. Let k be u(16). Let r = 91 + 44. Calculate the highest common divisor of k and r.
27
Suppose 3*w - 2 = -w + 2*d, d - 3 = 0. Suppose w*o = o + 44. Calculate the greatest common divisor of o and 22.
22
Let c be (-116 + 4)*3/(-6). What is the highest common factor of 14 and c?
14
Let u(b) = 4*b. Let t be u(-3). Let l be (-861)/t - 1/(-4). What is the highest common divisor of l and 8?
8
Let d = 4 + -2. Suppose -d*s + 3*t = -15, 5*s - 4*t + 0*t = 41. Calculate the greatest common factor of s and 27.
9
Suppose -w + 2*w = 0. Suppose -4*t + 0*t + 1366 = 5*g, -2*g + t + 549 = w. Suppose 5*n + 94 - g = 0. Calculate the highest common factor of 18 and n.
18
Let g = 33 + -24. Suppose 0*l + 4*l - 2*x = 14, -x = l - 2. Calculate the greatest common divisor of g and l.
3
Let l(x) = -x**3 - x**2 - 5*x - 3. Let m = 5 + -8. Let d be l(m). What is the highest common factor of d and 10?
10
Let n be 2 - (-3 + (4 - 2)). What is the highest common factor of 27 and n?
3
Let j(l) = 10*l + 21. Let q(d) = -19*d - 42. Let v(s) = 11*j(s) + 6*q(s). Let b be v(-6). Calculate the highest common divisor of b and 6.
3
Let l(w) = w**2 - w - 2. Let f be l(-3). Let a be (0 - -3)/(-3) - 3. Let h be (-1)/4 + (-161)/a. Calculate the greatest common divisor of f and h.
10
Suppose s - 23 = -5*y, y + 2 + 6 = 4*s. Suppose -s*f = -0*f. Let x = 20 + f. Calculate the highest common factor of 10 and x.
10
Suppose -69 = p + 2*h, -2*h = -5*p + 3*p - 132. Let r = -25 - p. Suppose 9*b + 53 = 179. Calculate the highest common factor of r and b.
14
Let a(d) = 3*d**3 + 2*d**3 + d + d**3 - 2*d**2. Let f be a(1). Suppose -g - 5*n + 45 = 0, 181 = 3*g + 2*g + 3*n. Calculate the highest common factor of f and g.
5
Let b(f) = 45 + f - 4*f**2 + 2*f**2 + f**2. Let w be b(0)